+ 30*v - 32. Let h be n(-13). Let i = 115 - h. Give y(i).
-26
Let r(x) be the second derivative of -x**5/20 + x**4/6 - x**3/6 - 3*x**2 - 229*x. Calculate r(0).
-6
Let d(g) = 29*g - 4*g**2 - 85*g + 28*g + 31*g. Let i(t) = t**2 - t. Let u(o) = -d(o) - 6*i(o). Calculate u(2).
-2
Let c(y) = 3*y**2 + 241*y + 2788. Let l be c(-14). Let o(d) = -150*d + 300. Calculate o(l).
0
Let k(v) = v**2 + v - 4. Let q = 9918 - 9922. Calculate k(q).
8
Let t(s) = s**2 - 17*s + 3. Let y = 5296 - 5296. Calculate t(y).
3
Let k(w) = -1. Let v(f) be the third derivative of 6*f**2 + 0*f**3 + 0 + 0*f - 1/12*f**4. Let b(x) = 2*k(x) - v(x). What is b(3)?
4
Suppose 0 = 5*r - 210*g + 207*g + 33, 2*r = -4*g + 18. Let f(w) = -4*w**2 + 14. Determine f(r).
-22
Let g(l) = 8*l - 3. Suppose 2*m + 0*m = -o + 1, -5*m = 4*o - 4. Let x = m - -4. Suppose -3*a + 5*s + 1 = 0, 4 = -x*a + s + 11. Calculate g(a).
13
Let k(m) = 5*m - 16. Let v = 2860 + -2854. Determine k(v).
14
Let b(r) = -114*r + 1375. Let l be b(12). Let s(q) = q**2 - 2*q - 27. Calculate s(l).
8
Let s(a) = a + 16. Let x be s(-10). Suppose -3*k + x = -0*c - 5*c, 4*k = -2*c + 8. Let o be 1/(3 - 4 - c). Let b(j) = -3*j - 1. Calculate b(o).
2
Let w(n) = n**2 - 4*n - 8. Let y be 1/(-1) + (-3 - 1) - -158. Let j = -147 + y. Determine w(j).
4
Let b be ((-6)/(-12))/((-3)/24). Let w(s) be the first derivative of s**4/6 - s**3/3 + 7*s**2/2 - 12. Let g(h) be the second derivative of w(h). What is g(b)?
-18
Let k(m) be the third derivative of 1/12*m**4 + 0 + 0*m - 14*m**2 + 1/6*m**3 + 1/360*m**6 - 1/60*m**5. Let b(v) be the first derivative of k(v). Determine b(4).
10
Let o(l) = 12 - 21*l - l**3 - 12*l**2 + 9*l - 19 - 12. Determine o(-11).
-8
Let x(t) = -62*t**3 + 2*t - 1. Let a be ((-3)/18)/(14/(-672)*8). What is x(a)?
-61
Let i(h) = -2*h**2 - 4*h + 4. Let b(q) = -2*q**3 - 2*q**2 + 5*q - 4. Let j be b(3). Let d = 58 + j. Let m be -3 - (-1 + d - -5). Give i(m).
-12
Let b(y) = -7 - 6*y**2 - 8*y + 0*y**3 - y**3 + 0*y. Suppose -4*u + 36 = -2*h - 0*u, -7 = 4*h + 5*u. Let j be (-3 + -4 - h)*-5. What is b(j)?
8
Let w = 23 - 28. Let l(x) = -16*x**2 - 23*x - 11. Let i(u) = 9*u**2 + 12*u + 4. Let z(c) = -7*i(c) - 4*l(c). Calculate z(w).
1
Let o be 39/(6 - 5) - 4. Let g be 2 - o - -2 - (-4 - -1). Let t = g - -29. Let y(l) = 8*l**3 + l**2 - 2*l + 1. Determine y(t).
8
Let d(z) = -z**3 - 4*z**2 - 3. Let r = 163 - 159. Suppose -4*p - 31 = -3*u, -u + 2*u = r*p + 21. What is d(p)?
-3
Let j(i) = -i**2 - 3*i + 1. Suppose 0 = 5*b - 2*l + 3, -6*b + b - 4*l - 39 = 0. Calculate j(b).
1
Let f(a) = 85*a + 83*a + 1 - 14*a**2 + 82*a - 245*a. What is f(-1)?
-18
Let l be -1 + (-2 - -3) - -14. Let k = 18 - l. Let q(t) = 7*t**2 + t + 77. Let x(r) = -4*r**2 - r - 47. Let w(i) = 3*q(i) + 5*x(i). Determine w(k).
4
Let a(n) = 2*n**3 + 6*n**2 - 2*n - 2. Let x be a(4). Let i(m) = -3*m + 103 + 110 - x. Calculate i(-1).
2
Let x be 15/180*66 - ((-2 - -1) + 4). Let v(f) be the first derivative of -1/3*f**3 + x*f**2 + 8*f - 29. Determine v(6).
2
Let u(b) = -5 + 5*b + 17 - 33 - 41. Calculate u(14).
8
Let n(s) = 99*s**3 + 2*s**2 + 2*s + 1. Let w = -2947 + 2946. Determine n(w).
-98
Let q(p) = 2*p**3 + 5*p**2 + 5*p + 4. Let t = -6708 + 6705. Calculate q(t).
-20
Let m(g) be the first derivative of g**3/3 - 7*g**2/2 + 6*g - 469. What is m(4)?
-6
Let m(a) be the first derivative of -1/4*a**4 - 2*a**3 - 197 + 5*a - 2*a**2. What is m(-5)?
0
Let i be (5/(-2))/(10/(-88)). Suppose o - f = 0, 14 - i = o + 3*f. Let d(b) = 3*b + 2. What is d(o)?
-4
Let j(x) = 4 - 8*x + 8*x - 3*x. Suppose 3*s + 15 = -3*m, 3*s + 2 - 19 = 5*m. Let d be -4 + (-12)/(-3) + m. What is j(d)?
16
Let x = 2756 - 2763. Let b(w) = 141*w + 981. Give b(x).
-6
Suppose 3*z + 17 = 38. Suppose 253 = 17*u - 87. Let s(t) = -17*t - u*t + 28*t - 7 + t**2. Give s(z).
-21
Let f(i) = 43*i - 13. Let p(g) = -59*g + 15. Let k(n) = -4*f(n) - 3*p(n). Determine k(-2).
-3
Suppose 5*p - 4*j - 26 = 0, -52*j + 10 = -3*p - 56*j. Let f(a) be the second derivative of -4/3*a**3 - 2/3*a**4 + 1/20*a**5 + a**p + 0 + 16*a. What is f(9)?
11
Let r(w) be the second derivative of 5 - 1/20*w**5 - 1/2*w**2 - 1/6*w**4 + w + 0*w**3. Give r(-3).
8
Let j be (-3 + -1)/((-10)/(-180)). Let f be 1*5 - j/4. Let y(q) = f*q - 16*q - 8*q. Calculate y(-5).
5
Suppose 4*f + 1 - 41 = 0. Let l(n) be the first derivative of -n**3/3 + 6*n**2 - 46608. Determine l(f).
20
Let o be (200/(-80))/((-10)/8). Let a(t) = -17*t**2 - 6*t**2 - t - t**2 + 2*t**o - 4*t**2. Determine a(1).
-27
Let j(r) be the second derivative of -r**3/3 - 14*r**2 + 8346*r. What is j(-29)?
30
Let p(t) = 2*t**3 - 3*t**2 + 2*t + 7. Let g(l) = -l**3 + 4*l**2 - 3*l - 5. Let n be 3 - ((0 - 3) + 12/3). Let r(y) = n*p(y) + 3*g(y). Give r(-6).
29
Let h = -51 + 32. Let t(y) = -4*y + 780. Let w(z) = 3*z - 627. Let f(a) = 4*t(a) + 5*w(a). Determine f(h).
4
Let b = 3 - -11. Let m(a) = a - b + 0*a - 6. Let u(s) = -s**2 + 142*s - 1560. Let i be u(130). Determine m(i).
-20
Let q(w) = -39*w**2 + w**3 - 19 + 62*w**2 - 18*w**2 - 35*w**2 + w. What is q(30)?
11
Suppose 0 = 11*m - 32 - 1. Let h(n) = -1 + 9 + 35*n**m + 8*n - 34*n**3 + 9*n**2. Determine h(-8).
8
Let f(l) be the second derivative of l**5 + l**4/4 - 4*l**3/3 + 3*l**2 - 114*l. Calculate f(1).
21
Let c(a) be the third derivative of 1/120*a**6 + 3*a**2 - 1/10*a**5 + 7/6*a**3 - 28 + 1/8*a**4 + 0*a. Let y be 1/(-2)*(-9 - 1). Give c(y).
-3
Suppose -i = 4*j + 10, 11*i - 15*i + 2*j - 40 = 0. Let k(d) = -d**2 - 6*d - 24. What is k(i)?
-64
Let k = 0 + 3. Let a = k + 1. Let j(c) = 7*c**3 - 5*c**2 + 2*c - 5. Let x(w) = 5*w**3 - 4*w**2 - 5. Let s(m) = -2*j(m) + 3*x(m). What is s(a)?
11
Suppose 2*o - 1 = -17. Let h(y) be the second derivative of 0 - y**2 - 1/12*y**4 + 7*y - 4/3*y**3. Calculate h(o).
-2
Let x(p) be the first derivative of -3*p**2/2 - 10*p + 694. What is x(6)?
-28
Let i(g) = g + 5. Let b(t) = 2*t + 9. Let c(d) = 4*b(d) - 9*i(d). Let h be (-275)/20 + ((-2)/4)/(-6 - -8). Give c(h).
5
Let r(m) = 2*m**2 - 2*m - 1. Suppose 7*t - 15 = 13. Suppose -3*z - 5*x = 0, 0 = -0*z - 2*z - t*x. Suppose 4*f + 2*v = z, -5*v = 2*f - f - 18. Give r(f).
11
Let m(a) = -310 + 310 + 5*a. Let q = -249 + 247. Determine m(q).
-10
Let f(o) = 449*o**2 - 2*o**3 + 13*o - 6 + o**3 - 461*o**2. Let z(m) = -m**3 - 10*m**2 - 15*m - 5. Let a be z(-8). Give f(a).
-6
Let q(t) = -16*t - 9. Let m be q(-6). Let d = 108 - m. Let u(j) = -8*j + d*j - 7*j. Give u(-1).
-6
Let j(w) = 0*w - 8*w**2 + 31 - 67 + 5*w + w**3 + 34 + 2*w. Let h be j(7). Let o(g) = 3*g**2 + 0*g + 4*g + g**3 - g**2 + 2. Calculate o(h).
-6
Suppose 2*v + 25*r - 2 = 26*r, -2*r = -3*v + 4. Let m(n) = n**3 - n**2 + n - 73. Determine m(v).
-73
Let g(h) = -7*h**3 - 32*h**2 + 14*h + 46. Let i(a) = 3*a**3 + 14*a**2 - 7*a - 20. Let q(x) = -2*g(x) - 5*i(x). Determine q(-6).
-34
Let h be -27*5/(-1 - 4). Let i = -20 - h. Let r = -46 - i. Let l(j) = 11*j**3 + j**2 + j - 1. What is l(r)?
12
Let i(o) = o**3 + 22*o**2 + 3. Suppose 0 = 2087*p - 2090*p - 66. Give i(p).
3
Suppose -148*k + 189 = -175*k. Let a(s) be the first derivative of 0*s - 1/3*s**3 - 4*s**2 - 7. Determine a(k).
7
Let p(a) = -17*a - 90. Let v be p(-6). Suppose 3*o - v = -6. Let f(n) = -4*n + 2. Calculate f(o).
-6
Suppose 17*q = 506 + 72. Let i = q + -19. Let y(w) = w**2 - 16*w + 14. Determine y(i).
-1
Let w(i) = i**2 - 4*i + 27. Let f(n) = 2*n**2 - 5*n + 52. Let j(x) = 3*f(x) - 7*w(x). Determine j(11).
-11
Let l(y) = 4*y + 41 + 55 - y**2 + 50 - 128 - 22. Let w be 2 - (1 + -2 - 1). Give l(w).
-4
Let y(p) = 7*p + 1 - 6 - 2 + p**2. Let d be 105/(-231)*15 - 12/66. What is y(d)?
-7
Let h(b) be the third derivative of -b**6/360 + b**5/30 + b**4/24 + 5*b**3/2 - 43*b**2. Let j(d) be the first derivative of h(d). Give j(5).
-4
Let z(k) = -147*k - 11464. Let s be z(-78). Let o(i) = -3*i - 7. Let c(q) = 2*q + 3. Let j(a) = 5*c(a) + 2*o(a). What is j(s)?
9
Let x(d) = 3*d - 56. Let v(h) = -5. Let w(q) = -12*v(q) + x(q). Calculate w(3).
13
Let h(z) = -5*z + 6*z**2 - 314*z**3 + 313*z**3 + z**2. What is h(7)?
-35
Let t be (-8)/60*(-90)/80. Let g(y) be the third derivative of -1/120*y**6 - t*y**5 + 3/8*y**4 + 0 + 0*y - 40*y**2 - 2*y**3. What is g(-10)?
-2
Let s(d) = 4*d**2 - 13. Let z be ((-42)/9)/(-1)*(-2358)/(-2751). What is s(z)?
51
Let g(a) = a**2 - 7*a - 24. Let c be g(11). Let x(w) = 34*w**3 + w*